 l*p + p = -2*k + 27. What is the remainder when 23 is divided by k?
11
Let p(v) = 3*v**2 - 3*v - 1. Let x be (-6)/(-9) - (-2)/6. What is the remainder when ((-3)/(-6))/(x/64) is divided by p(3)?
15
Let y(b) = 3*b**2 + 12*b + 6. Let s = -18 - -13. Calculate the remainder when y(s) is divided by 11.
10
Suppose 4*q - 156 = -5*a + a, 0 = -2*q. What is the remainder when a is divided by 20?
19
Suppose 0*y - 5*y + 15 = 0. Suppose w + 2*w = 5*j + 43, -2*j - 4 = 0. Calculate the remainder when w is divided by y.
2
Let p = -25 + 36. What is the remainder when p is divided by 3?
2
Suppose 44 - 7 = m. Suppose 0 = -4*q + 66 + 10. Calculate the remainder when m is divided by q.
18
Let l(w) = 7*w - w**2 + 1 - 3 - 1. Let p(h) = h**3 - 6*h**2 + 2*h + 1. Calculate the remainder when p(6) is divided by l(5).
6
Let q be 177 + (-2 + 1)*-1. Suppose 3*w - q = 173. What is the remainder when w is divided by 30?
27
Let z(d) = d - 2. Let r be z(-6). Let q = 8 + r. Calculate the remainder when 18*1 + -3 + q is divided by 4.
3
Let j(s) = -5*s - 1 - 3*s**2 + s**3 + 2 - 5. Suppose -2*d + 2*n + 22 = 3*d, 3*d = -2*n + 26. What is the remainder when j(5) is divided by d?
3
Suppose 66 + 6 = 5*s - 3*v, 0 = 4*v - 4. Suppose s = 3*j - 15. Calculate the remainder when j is divided by 3.
1
Suppose 3*b = -5*i - 25, 3*i - 3*b + 2*b + 1 = 0. What is the remainder when i + -1 + 1 + 37 is divided by 9?
8
Let s(n) = n**3 - 2*n**2 - 3*n + 1. Let p be s(3). Let h = 7 + p. Suppose -4*q + 2*v = -78, 6*v + 2 = q + 2*v. What is the remainder when q is divided by h?
6
Suppose -3*x + 2*h + 96 = 0, -10*x + 11*x + 4*h = 46. What is the remainder when x is divided by 9?
7
Let l(g) = 25*g**2 - g + 1. Let i be 43 - (0 + 1 + 0). Suppose 3*p = -0 + i. Calculate the remainder when l(-1) is divided by p.
13
Let u = -30 - -61. Suppose 2*c - 49 - u = 0. What is the remainder when c is divided by (-14)/(4/16*-2*2)?
12
Suppose 3*l = -l + 108. Let c = l - 47. Let w = c - -39. What is the remainder when w is divided by 10?
9
Let j = 1 + 2. Suppose -24 = h - j*h + 2*s, -h + 32 = 4*s. Calculate the remainder when 31 is divided by h.
15
Suppose 3*i - 8 - 4 = 0. Suppose 2*x + 48 = -5*w, -3*w + 36 = -i*x + 2*w. What is the remainder when 13 is divided by (4/4)/((-2)/x)?
6
Suppose 5*s - 320 = -45. What is the remainder when s is divided by 15?
10
Suppose 5*y - 1 - 1 = -3*c, -2*y + 5*c = 24. What is the remainder when (229 - y)*6/18 is divided by 20?
17
What is the remainder when (-980)/(-36) - (-6)/(-27) is divided by 7?
6
Suppose 70 = 7*m - 7. Suppose -g = j - 12 - 3, 0 = j + 4*g - 18. Suppose 6 = -2*r + j. Calculate the remainder when m is divided by r.
3
Suppose 0 + 2 = g. What is the remainder when g/(-3) - (-526)/6 is divided by 22?
21
Suppose -k = 2*g - 12, -2*g - 2*g + 24 = 5*k. Calculate the remainder when g is divided by (1 - 4)*48/(-36).
2
Let b be (-2)/(((-6)/8)/3). Let a = b + 9. Suppose a + 4 = 2*h - y, -60 = -5*h - 5*y. What is the remainder when 31 is divided by h?
9
Suppose 0 = -5*d + v + 301, -2 = -5*v - 7. What is the remainder when d is divided by 16?
12
Let n = -54 - -60. Calculate the remainder when 19 is divided by n.
1
Suppose -3*m - m + 48 = 0. What is the remainder when 34 is divided by m?
10
Let r be (-15)/(-4)*(-104)/(-3). Suppose -p + r = p. Calculate the remainder when p is divided by 22.
21
Suppose c = 2*g - 22, -3*g + 3*c = -g - 18. Calculate the remainder when 8 is divided by -5*(-5)/(100/g).
2
Let u(w) = w**3 + 5*w**2 - 8*w - 9. Let c be u(-6). Suppose 0 = c*m + 2*m - 40. What is the remainder when m is divided by 3?
2
Suppose 2*n = -2*n + 568. Calculate the remainder when n is divided by 48.
46
Suppose -3*i - 81 = -3*f, 4*f + 3*i = 2*i + 113. What is the remainder when 110 is divided by f?
26
Let h(c) = -2*c**2 + 18*c + 5. What is the remainder when h(9) is divided by 4*(1 + 1/(-2))?
1
Let w = -3 - -124. What is the remainder when w is divided by 25?
21
Suppose 8 = 14*m - 12*m. Suppose -90 - 30 = -m*g. Calculate the remainder when g is divided by 16.
14
Suppose 0*c + 3 = c. Let h(f) = 6*f - 4. Calculate the remainder when h(c) is divided by 8.
6
Suppose 2*q + 105 = 3*b - q, 5*q - 165 = -5*b. Suppose 5*m = 3*l + b, -m - l + 0*l + 10 = 0. Calculate the remainder when m is divided by -15*-2*1/6.
3
Suppose 0 = -2*y - 3*y. Suppose y*r + 29 = r. Suppose 2*l - 9 = 11. Calculate the remainder when r is divided by l.
9
Let t = -14 - -19. Suppose 58 = t*h + x, -4*h = -h + 3*x - 42. Let z(j) = j**2 + j + 31. What is the remainder when z(0) is divided by h?
9
Let x be 13/5 - 2/(-5). Let m = 174 - 153. Calculate the remainder when m is divided by x*(8/(-3))/(-1).
5
Let b be (-76)/(-10) - 6/(-15). Suppose -i = -3*c + b, -8 = -5*c - i - 0*i. Let j = -22 + 24. Calculate the remainder when c is divided by j.
0
Let o = 272 - 270. Suppose 2 = -0*h + h. What is the remainder when h is divided by o?
0
Let i = 18 + -10. What is the remainder when 12 is divided by 95/20 - (-2)/i?
2
Let o(s) = 15 - 1 + 0 + 7*s. What is the remainder when o(9) is divided by 16?
13
Let u = 3 + -1. Let o(d) = d**2 - 3*d + 3. Let h be o(4). Let q = h - 3. What is the remainder when q is divided by u?
0
Suppose -c = c - 30. Let y = -6 - -8. Suppose -6 = y*g, 13 + 15 = b + 5*g. Calculate the remainder when b is divided by c.
13
Suppose -m + 5*r = -18, 2*m = -3*r - 3 + 52. Let q = -54 + 66. Calculate the remainder when m is divided by q.
11
Let d(k) = k**3 - 6*k**2 - 4*k + 1. Calculate the remainder when d(7) is divided by 12.
10
Let c(d) be the first derivative of -d**3/3 + 2*d**2 + 3*d - 4. Calculate the remainder when (3 + -1)*(-22)/(-4) is divided by c(3).
5
Let u be (-56)/(-10) - 10/(-25). Suppose 5*c - 4*l = 50, -4*c + 5*l = -0*l - 40. Let f = c - u. Calculate the remainder when f is divided by 2.
0
Let f = 19 + -15. Suppose -f*o = 4*a - 111 - 37, 4*o - a = 123. Calculate the remainder when o is divided by 17.
15
Suppose 39 = x + 5*c + 1, 4*x - 5*c - 102 = 0. Calculate the remainder when x is divided by 6.
4
Suppose -18*y - 38 = -398. What is the remainder when 75 is divided by y?
15
Suppose 6*a - 12 = 3*a. What is the remainder when 12 is divided by a?
0
Suppose -i = -3*v + 195, -5*i = -0*v - 5*v + 955. Calculate the remainder when ((-2)/6)/(3/i) is divided by 6.
3
Suppose 0 = -2*a + 3*s, -a - 4 = -5*s + 10. What is the remainder when 38/2 - (0 + -2) is divided by a?
3
Suppose -9 = 3*k, 3*i - 29 + 5 = 5*k. Suppose -3*f = f - 8. Calculate the remainder when i is divided by f.
1
Suppose -d + 3 = -2*d. Let m be (-60)/9 - (-1)/d. Let n = -2 - m. Calculate the remainder when n is divided by 2.
1
Suppose -4*p + 29 = -19. Calculate the remainder when 47 is divided by p.
11
Let x(v) = -33*v + 2. What is the remainder when x(-3) is divided by 26?
23
Let t = 16 + -2. Calculate the remainder when 53 is divided by t.
11
Let w(k) = k**3 - 8*k**2 - 7*k - 4. Calculate the remainder when 40 + (0 - (3 + -3)) is divided by w(9).
12
Let f(a) = a**2 + a - 3. Let t(h) = -h**2 + 4*h + 3. Let r be t(4). Let b be -6 + 6 - r/1. What is the remainder when 4 is divided by f(b)?
1
Suppose -2*t + t = -q + 52, -5*q + 278 = t. Suppose -4*s = s - 95. What is the remainder when q is divided by s?
17
Let q(y) = -y**3 - 2*y + 3. What is the remainder when 26 is divided by q(0)?
2
Let g = 78 - 13. Suppose 3*x = 136 + g. Calculate the remainder when x is divided by 17.
16
Let p(k) = -2*k**2 - 5. Let j be p(5). Let l = -32 - j. Let f = -22 + 34. Calculate the remainder when l is divided by f.
11
Let m(k) = 8*k**2 - 1 - 3 + 3. What is the remainder when 61 is divided by m(-2)?
30
Let g = 12 + 0. What is the remainder when 44 is divided by g?
8
Suppose a = x + 6 - 65, 3*x - 167 = 5*a. What is the remainder when x is divided by 13?
12
Let o = 36 + -26. Calculate the remainder when 27 is divided by o.
7
Suppose 2*r + 15 = -3*r. Let p = r + 5. Calculate the remainder when 14 is divided by 7/1 - (p - 0).
4
Suppose 6*f - 20 = f. Calculate the remainder when f is divided by 36/20*(-15)/(-9).
1
Let s be (-2)/6 + 4/3. Let y = 5 - s. Suppose -14 = -y*a + 206. What is the remainder when a is divided by 19?
17
Let n = 27 + -9. Calculate the remainder when n is divided by 5.
3
Let k = -4 + 8. Suppose k*o - 21 = -4*n + 51, 3*n = 3*o - 24. What is the remainder when 23